- k + 1. Let q(p) = p**3 - 4*p**2 - 6*p + 5. Let y(d) = -4*m(d) + q(d). Determine y(1).
0
Let h(w) = -w. Let l(s) = 7*s. Let z(f) = -39*h(f) - 6*l(f). What is z(-4)?
12
Let d = -12 + 8. Let i(r) = r**3 + 3*r**2 - 3*r - 4. Determine i(d).
-8
Let t(v) = v**3 + 6*v**2 + 4*v - 5. Let o be ((-4)/(-4))/(1 - 0). Let y = o + -6. What is t(y)?
0
Suppose 6*h + 9 = 3*h. Let q(a) = 5*a + 7. Let m(o) be the first derivative of 11*o**2/2 + 15*o + 3. Let g(j) = -3*m(j) + 7*q(j). Determine g(h).
-2
Let o be (-1 - -4) + -2 - -3. Suppose -3*t = -0*t - 6. Let q(p) = 2*p**2 - 4*p**2 + 5*p - p**3 + 5*p**t. Calculate q(o).
4
Let m(a) = 2*a**2 - 7*a. Let x = 3 + 2. Determine m(x).
15
Suppose -5*p + 2*p - 3 = 0. Suppose -7 - 1 = -4*y. Let s(n) = -n - y*n + 10*n. Calculate s(p).
-7
Let c(s) = 2*s + 4. Let g(a) be the third derivative of a**6/120 + a**4/24 - 5*a**3/6 - a**2. Let k be (2 - 2)/(-7 + 4). Let u be g(k). Determine c(u).
-6
Let i(t) be the third derivative of -t**5/6 + 7*t**4/24 - t**3/3 + 2*t**2. Let g(u) = -7*u**2 + 5*u - 1. Let y(n) = 7*g(n) - 5*i(n). Give y(0).
3
Let t = 24 - 28. Let b(j) = j - 2. Calculate b(t).
-6
Let c(v) be the second derivative of v**4/12 + 5*v**3/6 - v**2/2 - 17*v. Let i = 4 + -1. Suppose -y + 3*z = i*y + 39, 49 = -4*y + 5*z. Determine c(y).
5
Let d(a) = 4*a - 16. Let l be d(12). Suppose -3*p = -5*v, -4*p - v = 3*v - l. Let n(k) = -k**3 + 6*k**2 - 4*k - 1. Determine n(p).
4
Suppose -c + o - 2 + 1 = 0, 5*c - o - 3 = 0. Let z(y) = y - 3. Let t be z(5). Let i(m) = -t*m + 0*m + 4*m - m**2. What is i(c)?
1
Suppose 2*u - 12 = -4*v + 3*u, -5*u = -5*v. Suppose v*c = -5*q + 24 + 4, -2 = -c. Let l(r) = -r**3 + 5*r**2 - r - 5. Calculate l(q).
7
Let k(l) = l + 1. Let f be k(2). Let v(d) = d**3 - 7*d**2 + 5*d + 8. Let i be v(6). Let q(m) = -2*m**i + 7*m - m - 2 + m**2. Calculate q(f).
7
Let i(g) be the first derivative of -g**4/4 + 2*g**3/3 - g**2/2 - 12. Determine i(3).
-12
Let k be 0*(0/(-3) - 1). Suppose -3*t + t + 4 = 0. Suppose k = -t*l + l. Let w(o) = o. What is w(l)?
0
Suppose 5*n + 9 = 69. Suppose 2*t + 2*b = n, 4*t - 3*b - 2 = -6. Let w(f) = 3 + 2*f + 2 + 0 - 2*f**2 - 3. What is w(t)?
-2
Let c(y) = -y**3 - 6*y**2 - 4*y + 7. Let s be c(-5). Let a(d) = 7*d**2 - 3*d**3 + 2 - 6*d - s*d**2 + 2*d**3 + d. What is a(3)?
5
Let z(k) = -k**2 - 3*k. Let n(o) = 2*o - 4. Let g be n(3). Let u = g - 1. Suppose -q - 4 + u = 0. What is z(q)?
0
Let l(j) be the first derivative of -j**4/4 + 2*j**3/3 + 5*j**2/2 - 17. Determine l(4).
-12
Let h(m) be the second derivative of m**5/20 - 5*m**4/12 + m**3/2 - 3*m**2/2 + 3*m. What is h(4)?
-7
Let z(c) = -c. Let w(j) = 3*j**2 + j - 2. Let x(h) = -h**2 + 1. Let b(i) = 3*w(i) + 8*x(i). Let s(a) = -b(a) + 5*z(a). Determine s(-6).
10
Let r be 2/(-8) + 14/(-8). Let u(m) be the first derivative of m**2 + 0*m - 2 - 1/3*m**3. Determine u(r).
-8
Let p(y) = -y**3 - 6*y**2 + 6*y - 8. Let o be p(-7). Suppose 4*j - 9 = -1. Let l(b) = -2 + 1 + 2 + j*b - 6*b**2. Calculate l(o).
-7
Let c(x) = 4*x + 0*x - 41 + 52 - 7*x. What is c(10)?
-19
Suppose 0*b = -2*b - 12. Let r = -1 - b. Let q(c) be the second derivative of c**4/12 - 5*c**3/6 + c**2/2 + c. What is q(r)?
1
Let z(u) = u**2 - 8*u - 12. Suppose 3*v + 5 - 18 = 2*w, 5*v = 25. Let r(g) = g + 1. Let d(q) = w*z(q) + 2*r(q). Determine d(8).
6
Let r(w) = -2*w - 2*w - 3*w + 2. Suppose 515*n + 14 = 508*n. Determine r(n).
16
Let u be (-99)/(-12) + (-1)/4. Let l = u - 4. Let i(w) = 6 - l - 3 - 7*w. What is i(-1)?
6
Let k(q) = -q + 8. Let r = 53 + -45. What is k(r)?
0
Let r = -21 - -19. Let y(s) be the third derivative of s**4/6 + s**3/3 + s**2. What is y(r)?
-6
Let z(d) = -d**2 + 6*d + 8. Let l(i) = -4*i - 8. Let r be l(-4). Calculate z(r).
-8
Let y(u) = u - 3 + 0*u - 5*u. Let d(m) = -7*m - 7. Let h(n) = 3*d(n) - 5*y(n). Let z(q) = q**2 - 20*q + 30. Let r be z(18). Give h(r).
0
Let u(t) be the third derivative of -t**7/840 - t**6/90 - t**5/60 + t**4/24 - t**3/3 + t**2. Let a(b) be the first derivative of u(b). Calculate a(-4).
9
Let o(z) be the third derivative of -1/30*z**5 - 3*z**2 + 0 + 0*z + 1/3*z**3 - 1/24*z**4. What is o(-2)?
-4
Let w = -5 - -1. Let a(v) = -v**3 - v**2 - v + 1. Let z be a(-2). Let u(f) = f**2 + 1 + z*f + 0 + 5. Determine u(w).
-6
Let o = -8 - -5. Let r(j) = 11*j + 9*j - 23*j - 4. Determine r(o).
5
Let p(q) = 11*q**3 - 2*q**2 + q. Let z(y) = -9*y + 28. Let d be z(3). What is p(d)?
10
Let c(f) = 7*f**2 + 3*f + 6. Let y(u) = -11*u**2 - 4*u - 9. Let q(b) = 8*c(b) + 5*y(b). Calculate q(-2).
-1
Let k(h) = 2*h - h**2 + 0*h**2 + 2*h + 5 + 0*h**2. Calculate k(4).
5
Suppose 0 = k + 4*r - 5, -5*k - 4 + 29 = -4*r. Let z(u) = 6*u - 9. Let j(b) = 3*b - 4. Let w(h) = 5*j(h) - 3*z(h). Calculate w(k).
-8
Let b(x) = -x**3 - 4*x**2 - 2*x - 4. Let j(r) = r. Let v(t) = -3*t - 20. Let q(w) = -6*j(w) - v(w). Let s be q(8). Give b(s).
4
Let h(d) = -4*d**2 - 2*d - 2. Let b(y) = 9*y**2 + 3*y + 4. Let o(j) = 3*b(j) + 7*h(j). Give o(-5).
-2
Let f(l) = -2*l + 5. Let p(k) be the second derivative of 1/6*k**3 + 0 + k + 2*k**2. Let z be p(0). Give f(z).
-3
Let c(t) = 11*t. Let b be c(-1). Let h = 5 + b. Let s(w) = -w**3 - 7*w**2 - 5*w + 7. What is s(h)?
1
Let d be 6/4 + (-6)/(-4). Suppose -13 = 4*s + d. Let a(c) = c**2 + 2*c. Determine a(s).
8
Let h(s) be the second derivative of s**3/6 + 7*s**2/2 + 10*s - 2. Calculate h(-6).
1
Let a(r) = 2*r**2 - 2*r + 0 + 1 + 6*r**2. Suppose -5*y = 29 + 6. Let s be 6 + y + (3 - 1). Determine a(s).
7
Let u(t) = t**3 - 1 - 4*t**2 - t**2 - 6 - 4*t. Let m be u(6). Let a(c) = -5*c**2 - 5*c - 7. Let o(z) = 4*z**2 + 5*z + 6. Let n(r) = -5*a(r) - 6*o(r). Give n(m).
-1
Let a(h) = -17 + 8 + 12 + h. Calculate a(4).
7
Suppose 0 = -5*q - 15, 5*q + 14 = -g. Let v(z) = 4*z**3 - z**2 + z. Give v(g).
4
Let v(m) = -8*m**2 - 21*m - 4. Let i(g) = 4*g + 1 + 3*g**2 - g**2 + g. Let l(p) = 10*p**2 - 1. Let k be l(-1). Let w(h) = k*i(h) + 2*v(h). Calculate w(-2).
3
Let v = -2 + 6. Let h(y) = -y**3 + 4*y**2 - 2*y + 5. Determine h(v).
-3
Suppose 5*r = 2*y - y - 26, 28 = 4*y - r. Let k(i) = -i + 4. Calculate k(y).
-2
Let r(m) = -2*m**2 - 5. Let d(y) = -2*y**2 - 4. Let b(p) = -6*d(p) + 5*r(p). What is b(1)?
1
Let l = -10 + 18. Let p(f) = -6*f**2 + 5*f + l*f**2 + 1 - f**2. What is p(-5)?
1
Let h(j) be the first derivative of j**2 + 5*j - 1. Suppose -2*d + 18 = -4*n, -3*n = -2*n - d + 3. What is h(n)?
-7
Let c(h) = h**2 - 3*h - 2. Suppose 20 = f + 4*f. What is c(f)?
2
Suppose 0 = -3*b + 2*r + 10, 5*b + 3*r - 25 = 8*r. Let v(m) = -m - 12. Give v(b).
-12
Let b = 20 - 8. Suppose -3*k + 4*z - 1 = 0, -b = k + 5*z + 20. Let c(f) = f**2 + 7*f - 6. Determine c(k).
-6
Let f(i) = -3*i**2 + 7*i + 9. Let t(v) be the first derivative of -v**3/3 + v**2 + 3*v - 1. Let o(y) = 2*f(y) - 7*t(y). What is o(3)?
6
Let l(h) = h**2 + 6*h + 3. Suppose -8*n + 20 = -12*n. What is l(n)?
-2
Let b(m) be the first derivative of -m**2 - 2*m - 12. Let r(h) = h + 7. Let z be r(-5). Suppose -u - 3*i = -z*u + 12, -2*u = -2*i - 4. Calculate b(u).
4
Let k = -11 - -8. Let i(y) = -y**3 - 3*y**2 - 5*y - 4. What is i(k)?
11
Let v(h) = -h**2 + 7*h + 2. Let b be v(7). Let g be (-1)/(-5) + 56/20. Let a(z) = -z - z - b*z + g - z**3 + 2*z**2. Determine a(2).
-5
Suppose -3*z + 27 = -5*s, -5*s - 13 = -2*s - z. Let b(g) = 2*g. Determine b(s).
-6
Let b(q) = 2*q**2 + 2*q + 2. Let z = 1 + 2. Suppose -4*s - 8 = -4*n - 0, z*n + 26 = -5*s. What is b(n)?
6
Let c(l) = -2*l + 0*l**3 + 6*l**3 - 2*l - 5*l**2 - 7*l**3. Determine c(-4).
0
Suppose 8*f - 6*f = 4. Let i(q) = q**3 + 2*q - 1. Determine i(f).
11
Let z(n) be the second derivative of n**4/12 + n**2/2 - n. Let s be (-1)/4 + 26/8. Suppose 0 = -s*y + 4 - 1. Determine z(y).
2
Let w = -19 + 20. Let l(u) = -6*u - 2 + 2. What is l(w)?
-6
Let p = -192 - -189. Let t(r) = -14*r**3 - 5*r**2 - 14*r + 17. Let i(v) = -5*v**3 - 2*v**2 - 5*v + 6. Let o(w) = -17*i(w) + 6*t(w). Give o(p).
6
Let y(t) = 5*t**3 - 3 - 2 + 4. Let z = 8 - 10. Let j be z/(-7) - (-10)/14. What is y(j)?
4
Let a(i) = i**2 + i + 2. Let j(w) = w**3 - 3*w - 3. Let q be j(-2). Let r(d) = 7 + 2*d**2 + 14*d - 7*d - d**2. Let y be r(q). Calculate a(y).
8
Let x(v) = -2*v**3 - 3*v**2 - v - 8. Let y(z) = z**3 + 4*z**2 + 8. Let l(q) = 2*x(q) + 3*y(q). What is l(6)?
-4
Let c(d) = -d + 4 - 1 + 6 + 2. Determine c(0).
11
Let j(k) be the third deriv